mmon factor of 348445 and 64777.
307
What is the highest common factor of 3664 and 1214700272?
3664
Calculate the highest common divisor of 47528 and 36592904.
3656
Calculate the greatest common factor of 1518705499 and 1299.
433
Calculate the highest common factor of 85480 and 31936.
8
Calculate the highest common divisor of 70 and 21466585.
35
What is the greatest common factor of 5992 and 366884168?
5992
Calculate the highest common divisor of 9477 and 414531.
351
What is the highest common factor of 199936506 and 8778?
8778
What is the highest common factor of 11043 and 1059102?
27
Calculate the highest common factor of 209792 and 219008.
128
What is the greatest common divisor of 16775 and 732325?
275
Calculate the highest common divisor of 10848 and 9454371.
339
Calculate the greatest common divisor of 33331190 and 20.
10
Calculate the greatest common divisor of 158830900 and 100.
100
What is the greatest common factor of 4404712 and 2119?
13
What is the greatest common divisor of 3 and 23506524?
3
What is the greatest common divisor of 132467 and 197519?
139
Calculate the highest common divisor of 110451 and 561.
33
What is the highest common factor of 467704 and 17215634?
6878
Calculate the greatest common factor of 395 and 687455.
5
Calculate the greatest common factor of 7140 and 4186012.
68
What is the greatest common factor of 13833 and 292900?
29
Calculate the greatest common divisor of 22218 and 4564212.
3174
What is the greatest common factor of 14236325 and 200?
25
Calculate the greatest common factor of 104509909 and 602.
301
Calculate the greatest common factor of 332118645 and 1049.
1049
Calculate the greatest common divisor of 2772 and 11181324.
924
Calculate the greatest common factor of 3749 and 2244179.
23
Calculate the greatest common divisor of 42290695 and 5.
5
Calculate the greatest common factor of 340 and 2570.
10
Calculate the greatest common factor of 3976 and 1219664.
8
What is the highest common divisor of 6949341 and 8505?
189
Calculate the greatest common factor of 73572075 and 2425.
2425
Calculate the greatest common factor of 71416 and 6102.
226
What is the highest common divisor of 34680 and 1190920?
40
What is the highest common divisor of 3504 and 779856?
48
Calculate the greatest common divisor of 207 and 25590651.
69
Calculate the greatest common divisor of 162 and 35483022.
162
Calculate the greatest common divisor of 149864 and 27500.
44
What is the greatest common divisor of 92672 and 1600?
64
Calculate the greatest common divisor of 194 and 20581460.
194
Calculate the greatest common factor of 40854280 and 846.
94
Calculate the highest common factor of 13100 and 258400.
100
Calculate the greatest common divisor of 594 and 17016318.
594
Calculate the highest common divisor of 154449 and 283806.
9
Calculate the greatest common divisor of 24 and 30389802.
6
What is the highest common factor of 203 and 19642889?
203
What is the greatest common divisor of 30616 and 58576062?
7654
What is the highest common divisor of 34554600 and 3000?
600
What is the greatest common factor of 483035 and 7955?
185
Calculate the highest common factor of 631906204 and 4.
4
Calculate the greatest common divisor of 3419460 and 2552.
44
Calculate the highest common factor of 602 and 42914.
86
What is the greatest common factor of 75563 and 83323?
97
What is the highest common divisor of 5603780 and 224?
28
What is the greatest common factor of 688 and 99807472?
688
What is the greatest common divisor of 1053416 and 6734?
182
Calculate the highest common factor of 3500268 and 96.
12
Calculate the highest common divisor of 22981012 and 3392.
212
What is the highest common factor of 833 and 42601188?
49
What is the greatest common factor of 29168 and 21558798?
3646
Calculate the greatest common factor of 3674748 and 2706.
2706
What is the highest common factor of 57414 and 2667?
21
Calculate the highest common divisor of 2263 and 9113101.
2263
Calculate the highest common factor of 297 and 1511742474.
297
Calculate the greatest common divisor of 4176 and 2946384.
144
What is the greatest common factor of 241 and 100613403?
241
What is the greatest common factor of 70347 and 543444?
537
What is the highest common factor of 1202257 and 6902?
119
Calculate the greatest common factor of 3035208 and 99.
33
Calculate the highest common factor of 99 and 5964519.
33
What is the greatest common divisor of 436804869 and 74?
37
What is the greatest common factor of 652 and 31909858?
326
Calculate the highest common factor of 10390384 and 984.
328
What is the greatest common divisor of 6667 and 441748753?
6667
What is the greatest common factor of 8137297 and 14?
7
What is the highest common factor of 178 and 30628994?
178
Calculate the greatest common factor of 152 and 353768.
8
Calculate the highest common divisor of 7929236 and 10332.
1148
Calculate the highest common divisor of 949611158 and 62.
62
What is the greatest common divisor of 161 and 2131088?
23
What is the highest common divisor of 79459637 and 366?
61
Calculate the greatest common divisor of 48601 and 2080673.
917
What is the greatest common divisor of 476505 and 2670?
15
Calculate the highest common factor of 18 and 904945959.
9
What is the greatest common divisor of 25236414 and 189?
189
What is the highest common factor of 52891888 and 112?
112
Calculate the greatest common factor of 588 and 5730592.
28
What is the highest common divisor of 1408 and 14975104?
128
Calculate the greatest common divisor of 3147354 and 273.
21
Calculate the highest common factor of 23290205 and 296.
37
What is the greatest common divisor of 1079 and 24189022?
1079
Calculate the highest common factor of 4105420 and 1460.
20
Calculate the highest common factor of 16 and 7303024.
16
Calculate the greatest common factor of 1509034 and 1988.
142
What is the greatest common divisor of 7063304 and 24?
8
What is the highest common factor of 29 and 35143447?
29
What is the highest common factor of 40320 and 28490?
70
What is the highest common factor of 18 and 726177?
3
Calculate the greatest common factor of 62920 and 587340.
260
Calculate the greatest common divisor of 2004654 and 492.
246
Calculate the highest common factor of 338186 and 46.
2
What is the greatest common factor of 39273 and 2984007?
741
What is the greatest common divisor of 5022 and 6511914?
162
Calculate the highest common divisor of 184257 and 3127.
59
Calculate the greatest common divisor of 49377 and 47306.
109
Calculate the greatest common divisor of 5524524 and 78608.
1156
Calculate the greatest common factor of 60 and 368602284.
12
What is the highest common divisor of 98070 and 100905?
105
Calculate the greatest common divisor of 228 and 3555033.
57
What is the greatest common factor of 66462 and 577467?
627
Calculate the greatest common divisor of 9441 and 15903.
9
Calculate the highest common divisor of 61622586 and 114342.
1938
Calculate the greatest common divisor of 1927170 and 11178.
414
Calculate the highest common factor of 119593463 and 77.
11
Calculate the greatest common factor of 704 and 5133392.
176
Calculate the greatest common factor of 171578 and 15004.
242
What is the highest common divisor of 219020760 and 336?
168
What is the highest common factor of 30 and 195876528?
6
What is the greatest common divisor of 24 and 8241306?
6
Calculate the greatest common factor of 29793 and 910484011.
9931
Calculate the greatest common divisor of 162 and 519666.
6
Calculate the greatest common divisor of 38889 and 9484893.
1341
Calculate the highest common factor of 17201261 and 22.
11
Calculate the greatest common factor of 521050617 and 2727.
2727
Calculate the greatest common factor of 22151 and 121227.
17
What is the greatest common divisor of 85800 and 184165800?
7800
What is the greatest common divisor of 60848 and 194656?
16
What is the greatest common factor of 189010 and 13940?
410
What is the greatest common divisor of 64680 and 118605?
15
What is the greatest common divisor of 15987379 and 1786?
893
What is the greatest common factor of 124292 and 643678?
322
What is the greatest common divisor of 276 and 35371884?
276
Calculate the highest common divisor of 4116664 and 29684.
724
What is the highest c